4.
2059
Calculate the remainder when 13993 is divided by 765.
223
Calculate the remainder when 6098 is divided by 3048.
2
Calculate the remainder when 3027 is divided by 15.
12
What is the remainder when 78532 is divided by 343?
328
Calculate the remainder when 1681 is divided by 22.
9
What is the remainder when 497822 is divided by 27?
23
What is the remainder when 1691 is divided by 1244?
447
What is the remainder when 27835 is divided by 95?
0
Calculate the remainder when 40572 is divided by 294.
0
Calculate the remainder when 41308 is divided by 90.
88
What is the remainder when 153549 is divided by 711?
684
What is the remainder when 277747 is divided by 852?
847
What is the remainder when 4809 is divided by 4678?
131
Calculate the remainder when 4630 is divided by 33.
10
Calculate the remainder when 115126 is divided by 108.
106
Calculate the remainder when 37166 is divided by 531.
527
Calculate the remainder when 207418 is divided by 20741.
8
What is the remainder when 11132 is divided by 558?
530
What is the remainder when 24737 is divided by 19?
18
What is the remainder when 167825 is divided by 1365?
1295
Calculate the remainder when 2147 is divided by 47.
32
What is the remainder when 3637 is divided by 265?
192
Calculate the remainder when 63667 is divided by 11.
10
Calculate the remainder when 11033 is divided by 1695.
863
What is the remainder when 7404 is divided by 36?
24
What is the remainder when 930 is divided by 46?
10
Calculate the remainder when 37069 is divided by 1180.
489
What is the remainder when 348934 is divided by 139?
44
Calculate the remainder when 243286 is divided by 94.
14
What is the remainder when 15524 is divided by 985?
749
What is the remainder when 5286 is divided by 1217?
418
What is the remainder when 743478 is divided by 5?
3
Calculate the remainder when 12929 is divided by 6462.
5
What is the remainder when 7456 is divided by 3659?
138
Calculate the remainder when 3992 is divided by 143.
131
What is the remainder when 146228 is divided by 55?
38
Calculate the remainder when 362094 is divided by 120693.
15
What is the remainder when 7543 is divided by 453?
295
What is the remainder when 160625 is divided by 291?
284
Calculate the remainder when 432344 is divided by 211.
5
What is the remainder when 209686 is divided by 1446?
16
Calculate the remainder when 5900 is divided by 36.
32
Calculate the remainder when 123378 is divided by 13708.
6
Calculate the remainder when 15681 is divided by 79.
39
Calculate the remainder when 271164 is divided by 33894.
12
Calculate the remainder when 14964 is divided by 73.
72
What is the remainder when 131145 is divided by 23?
22
What is the remainder when 13525 is divided by 164?
77
Calculate the remainder when 32873 is divided by 15.
8
What is the remainder when 1843 is divided by 88?
83
Calculate the remainder when 1362388 is divided by 42.
34
What is the remainder when 671 is divided by 435?
236
Calculate the remainder when 6032 is divided by 980.
152
Calculate the remainder when 832029 is divided by 283.
9
What is the remainder when 78623 is divided by 78?
77
What is the remainder when 2535 is divided by 3?
0
What is the remainder when 13680 is divided by 13374?
306
What is the remainder when 4299325 is divided by 341?
338
Calculate the remainder when 26440 is divided by 2643.
10
What is the remainder when 105687 is divided by 6?
3
Calculate the remainder when 1705 is divided by 60.
25
What is the remainder when 6942 is divided by 3256?
430
Calculate the remainder when 1657962 is divided by 22.
20
Calculate the remainder when 3465 is divided by 492.
21
What is the remainder when 21035 is divided by 288?
11
Calculate the remainder when 28575 is divided by 230.
55
Calculate the remainder when 1714386 is divided by 1083.
1080
Calculate the remainder when 5275 is divided by 58.
55
Calculate the remainder when 61414 is divided by 20470.
4
What is the remainder when 16302 is divided by 4035?
162
Calculate the remainder when 6049 is divided by 20.
9
Calculate the remainder when 3202 is divided by 373.
218
Calculate the remainder when 46630 is divided by 1609.
1578
What is the remainder when 9367 is divided by 9?
7
Calculate the remainder when 369 is divided by 84.
33
What is the remainder when 25270 is divided by 6300?
70
Calculate the remainder when 29000 is divided by 156.
140
Calculate the remainder when 9007 is divided by 63.
61
Calculate the remainder when 14472 is divided by 44.
40
What is the remainder when 242205 is divided by 17?
6
What is the remainder when 17265655 is divided by 1514?
1513
What is the remainder when 1225 is divided by 581?
63
Calculate the remainder when 64670 is divided by 9227.
81
What is the remainder when 8927 is divided by 761?
556
Calculate the remainder when 162728 is divided by 395.
383
What is the remainder when 11454 is divided by 148?
58
What is the remainder when 105799 is divided by 35?
29
Calculate the remainder when 1226 is divided by 22.
16
Calculate the remainder when 19504 is divided by 808.
112
What is the remainder when 803992 is divided by 26?
20
Calculate the remainder when 87904 is divided by 1374.
1342
Calculate the remainder when 311 is divided by 72.
23
Calculate the remainder when 1874 is divided by 337.
189
What is the remainder when 5796 is divided by 83?
69
What is the remainder when 153875 is divided by 618?
611
What is the remainder when 23383 is divided by 649?
19
Calculate the remainder when 76178 is divided by 3460.
58
What is the remainder when 3093 is divided by 59?
25
Calculate the remainder when 918 is divided by 903.
15
Calculate the remainder when 52802 is divided by 56.
50
Calculate the remainder when 225580 is divided by 4799.
27
Calculate the remainder when 836 is divided by 108.
80
What is the remainder when 494207 is divided by 429?
428
Calculate the remainder when 7432 is divided by 3684.
64
Calculate the remainder when 122037 is divided by 1017.
1014
Calculate the remainder when 4079 is divided by 2024.
31
What is the remainder when 1875 is divided by 260?
55
What is the remainder when 4744 is divided by 2365?
14
Calculate the remainder when 296 is divided by 21.
2
What is the remainder when 357073 is divided by 135?
133
Calculate the remainder when 70053 is divided by 278.
275
Calculate the remainder when 567 is divided by 128.
55
Calculate the remainder when 159003 is divided by 127.
126
What is the remainder when 778 is divided by 239?
61
What is the remainder when 37898 is divided by 37871?
27
What is the remainder when 96081 is divided by 389?
387
What is the remainder when 70124 is divided by 10016?
12
Calculate the remainder when 1286 is divided by 51.
11
What is the remainder when 26239 is divided by 324?
319
What is the remainder when 324212 is divided by 237?
233
Calculate the remainder when 14016 is divided by 7.
2
Calculate the remainder when 9375 is divided by 14.
9
What is the remainder when 494 is divided by 474?
20
Calculate the remainder when 244 is divided by 24.
4
What is the remainder when 8780 is divided by 122?
118
Calculate the remainder when 4495 is divided by 201.
73
Calculate the remainder when 6033887 is divided by 224.
223
Calculate the remainder when 2272 is divided by 1126.
20
What is the remainder when 65560 is divided by 16?
8
Calculate the remainder when 2242 is divided by 1107.
28
Calculate the remainder when 789904 is divided by 71809.
5
What is the remainder when 6437 is divided by 322?
319
Calculate the remainder when 84432 is divided by 107.
9
What is the remainder when 3353 is divided by 1052?
197
What is the remainder when 99620 is divided by 20?
0
What is the remainder when 59849 is divided by 5983?
19
Calculate the remainder when 1871123 is divided by 395.
8
Calculate the remainder when 25082 is divided by 122.
72
What is the remainder when 213838 is divided by 12577?
29
What is the remainder when 4980 is divided by 422?
338
What is the remainder when 65407 is divided by 146?
145
Calculate the remainder when 221623 is divided by 197.
195
What is the remainder when 40095 is divided by 179?
178
What is the remainder when 316744 is divided by 274?
0
Calculate the remainder when 5590 is divided by 1393.
18
Calculate the remainder when 17667 is divided b